Calculate the greatest common divisor of 1159 and 1206763549.
1159
What is the greatest common divisor of 11324 and 3036024?
596
Calculate the greatest common factor of 388946 and 14115642.
3442
What is the highest common divisor of 200155586 and 34?
34
Calculate the highest common divisor of 470879 and 31577.
347
What is the highest common factor of 72032 and 30784?
32
What is the greatest common divisor of 9450 and 810390?
210
What is the greatest common factor of 65383 and 1203923?
151
What is the highest common divisor of 180 and 20114388?
36
Calculate the highest common factor of 62688 and 6672.
48
Calculate the highest common divisor of 576 and 78161328.
144
What is the highest common factor of 37660 and 48860?
140
What is the greatest common factor of 2011395549 and 1203?
1203
Calculate the highest common divisor of 62 and 28192485.
31
Calculate the highest common factor of 237808 and 23046.
334
What is the greatest common divisor of 56 and 18196514?
14
What is the greatest common divisor of 5504 and 278984?
344
Calculate the highest common divisor of 335980 and 690800.
3140
Calculate the highest common divisor of 217 and 124265701.
217
Calculate the greatest common divisor of 737106 and 22962.
258
Calculate the greatest common factor of 121643793 and 67.
67
Calculate the greatest common factor of 83204 and 6360332.
1364
What is the greatest common divisor of 7765325 and 7660?
1915
What is the greatest common divisor of 178022 and 1363388?
4342
What is the highest common factor of 49720 and 132634315?
6215
What is the highest common divisor of 592 and 2844227?
37
Calculate the highest common divisor of 814 and 1789216.
22
Calculate the highest common divisor of 1742163 and 1113.
159
What is the highest common divisor of 7037 and 349091?
31
What is the highest common factor of 457328 and 4894768?
4528
What is the greatest common factor of 1431206 and 343?
7
What is the highest common factor of 344 and 59624488?
344
What is the greatest common divisor of 90413 and 2645?
23
What is the highest common factor of 122 and 2923?
1
What is the greatest common divisor of 92304 and 170928?
144
What is the greatest common factor of 34694 and 8690?
22
What is the highest common divisor of 29817 and 2394?
9
Calculate the greatest common factor of 75232106 and 119.
17
Calculate the greatest common divisor of 901099 and 878665.
3739
What is the greatest common divisor of 1855399 and 567?
7
Calculate the highest common divisor of 1449504 and 336672.
2016
What is the highest common divisor of 705 and 6670945?
235
What is the greatest common factor of 23572218 and 60?
6
Calculate the greatest common factor of 1580341 and 7319.
563
What is the highest common factor of 8469968 and 2244944?
8944
What is the greatest common factor of 48488133 and 61275?
2451
What is the highest common factor of 405 and 10065330?
135
What is the highest common factor of 7599768 and 26136?
2904
What is the highest common factor of 150 and 156335600?
50
What is the highest common factor of 10959246 and 162?
54
What is the greatest common factor of 88061 and 1542?
1
Calculate the highest common divisor of 312 and 231060.
12
What is the greatest common divisor of 48 and 68126032?
16
Calculate the greatest common divisor of 1290369 and 60927.
69
Calculate the highest common factor of 63971 and 1003.
17
What is the greatest common factor of 282791250 and 2793?
2793
What is the highest common divisor of 705 and 9004410?
15
What is the greatest common divisor of 2359 and 29069957?
2359
What is the greatest common factor of 13910060 and 40?
20
Calculate the highest common divisor of 235662 and 1264466.
2534
Calculate the highest common divisor of 859220 and 320.
20
What is the greatest common divisor of 6200095 and 417?
139
What is the greatest common factor of 80425 and 3825?
25
Calculate the highest common divisor of 32794553 and 33.
11
What is the greatest common factor of 6012 and 5589156?
2004
Calculate the highest common factor of 11652 and 5892.
12
Calculate the greatest common divisor of 3622 and 1493441150.
3622
What is the greatest common factor of 84 and 3089744?
28
Calculate the greatest common divisor of 245280 and 717955.
2555
What is the highest common divisor of 59720290 and 2020?
1010
Calculate the highest common factor of 882 and 102744.
18
Calculate the greatest common divisor of 20403582 and 3.
3
Calculate the greatest common factor of 25615 and 7212530.
545
Calculate the greatest common divisor of 2197 and 145667691.
2197
What is the highest common divisor of 9814 and 213206?
14
Calculate the highest common factor of 1443 and 16915327.
481
What is the greatest common factor of 21 and 1637503?
7
What is the greatest common factor of 18938830 and 31?
31
What is the greatest common divisor of 94537289 and 2618?
1309
Calculate the highest common divisor of 306 and 1039567.
17
Calculate the greatest common factor of 12006 and 3350502.
414
Calculate the highest common factor of 35 and 4085704.
7
Calculate the highest common factor of 227831 and 403739.
137
What is the highest common divisor of 1232 and 1288848?
176
What is the highest common divisor of 706 and 18297755?
353
What is the greatest common factor of 22 and 15247792?
2
Calculate the highest common divisor of 60615 and 127516.
449
What is the highest common divisor of 34681464 and 16?
8
Calculate the highest common factor of 18277 and 553798.
49
What is the greatest common factor of 707727267 and 9?
9
What is the highest common divisor of 17756612 and 1193?
1193
Calculate the highest common divisor of 13240 and 181668688.
2648
What is the highest common factor of 114608 and 288?
16
What is the greatest common factor of 1868318 and 6?
2
What is the highest common factor of 298296 and 9144?
72
Calculate the greatest common factor of 94848 and 133848.
312
Calculate the highest common divisor of 2952 and 192312.
72
What is the greatest common divisor of 3690740 and 17440?
2180
Calculate the greatest common divisor of 6 and 24764262.
6
What is the highest common factor of 33 and 3659007?
33
What is the highest common factor of 565 and 57297215?
565
What is the greatest common factor of 277226 and 5190128?
2858
Calculate the greatest common divisor of 4035 and 2215860.
15
Calculate the greatest common factor of 483468 and 5268.
12
What is the highest common divisor of 627 and 845519?
19
Calculate the highest common factor of 50614330 and 118.
118
What is the highest common divisor of 82203 and 15158?
583
Calculate the highest common divisor of 4230779380 and 20.
20
What is the greatest common divisor of 1204504 and 7?
7
What is the highest common factor of 315567143 and 133?
19
Calculate the greatest common factor of 4306 and 879554325.
2153
What is the greatest common factor of 10860 and 1136680?
3620
What is the greatest common divisor of 4362670 and 45214?
962
Calculate the highest common divisor of 10792 and 347559058.
2698
What is the greatest common factor of 3480 and 524280?
120
Calculate the greatest common factor of 9667755 and 3924.
981
Calculate the highest common factor of 30940 and 7679.
7
Calculate the greatest common factor of 560454476 and 55464.
9244
Calculate the highest common divisor of 220535 and 329665.
35
What is the highest common divisor of 4194 and 22196046?
1398
What is the highest common divisor of 621 and 14?
1
Calculate the greatest common divisor of 2726 and 1963002.
94
Calculate the highest common factor of 204 and 89776898.
34
Calculate the greatest common factor of 43076982 and 1670.
334
Calculate the highest common factor of 794130 and 1517190.
3090
What is the greatest common factor of 720714 and 15594?
678
Calculate the highest common divisor of 2925 and 4121975.
325
What is the highest common factor of 117 and 5107947?
39
What is the highest common divisor of 15299688 and 3804?
3804
Calculate the highest common divisor of 3225 and 5544291.
129
Calculate the greatest common factor of 1775 and 33219125.
1775
What is the highest common divisor of 412 and 76311464?
412
Calculate the greatest common factor of 31 and 1735804173.
31
What is the greatest common factor of 42148 and 9155792?
164
Calculate the greatest common divisor of 1648585711 and 5947.
5947
Calculate the greatest 